{"id":237,"date":"2011-03-27T01:04:52","date_gmt":"2011-03-27T01:04:52","guid":{"rendered":"http:\/\/antigo.bvtaipas.com\/site\/?page_id=237"},"modified":"2019-01-13T12:34:43","modified_gmt":"2019-01-13T12:34:43","slug":"veiculos-de-apoio-logistico","status":"publish","type":"page","link":"https:\/\/antigo.bvtaipas.com\/site\/galerias\/u-l-f\/veiculos-de-apoio-logistico\/","title":{"rendered":"Ve\u00edculos de Apoio Log\u00edstico"},"content":{"rendered":"<p style=\"text-align: center;\"><img loading=\"lazy\" decoding=\"async\" class=\"wp-image-402 size-full aligncenter\" title=\"VTTU01\" src=\"http:\/\/antigo.bvtaipas.com\/site\/wp-content\/uploads\/2011\/03\/VTTU01.jpg\" alt=\"VTTU1\" width=\"350\" height=\"246\" srcset=\"https:\/\/antigo.bvtaipas.com\/site\/wp-content\/uploads\/2011\/03\/VTTU01.jpg 350w, https:\/\/antigo.bvtaipas.com\/site\/wp-content\/uploads\/2011\/03\/VTTU01-300x210.jpg 300w\" sizes=\"auto, (max-width: 350px) 100vw, 350px\" \/>VTTU01 &#8211; VE\u00cdCULO TANQUE T\u00c1CTICO URBANO<\/p>\nngg_shortcode_0_placeholder\n<p style=\"text-align: center;\">VTGC01 &#8211; VE\u00cdCULO TANQUE GRANDE CAPACIDADE<\/p>\n<p>&nbsp;<\/p>\n<p style=\"text-align: center;\"><img loading=\"lazy\" decoding=\"async\" class=\"wp-image-433 size-full aligncenter\" title=\"reboque\" src=\"http:\/\/antigo.bvtaipas.com\/site\/wp-content\/uploads\/2011\/03\/reboque.jpg\" width=\"350\" height=\"237\" srcset=\"https:\/\/antigo.bvtaipas.com\/site\/wp-content\/uploads\/2011\/03\/reboque.jpg 350w, https:\/\/antigo.bvtaipas.com\/site\/wp-content\/uploads\/2011\/03\/reboque-300x203.jpg 300w\" sizes=\"auto, (max-width: 350px) 100vw, 350px\" \/>REBOQUE<\/p>\n","protected":false},"excerpt":{"rendered":"<p>VTTU01 &#8211; VE\u00cdCULO TANQUE T\u00c1CTICO URBANO VTGC01 &#8211; VE\u00cdCULO TANQUE GRANDE CAPACIDADE &nbsp; REBOQUE<\/p>\n","protected":false},"author":2,"featured_media":0,"parent":76,"menu_order":0,"comment_status":"open","ping_status":"closed","template":"","meta":{"ngg_post_thumbnail":0,"footnotes":""},"class_list":["post-237","page","type-page","status-publish","hentry"],"_links":{"self":[{"href":"https:\/\/antigo.bvtaipas.com\/site\/wp-json\/wp\/v2\/pages\/237","targetHints":{"allow":["GET"]}}],"collection":[{"href":"https:\/\/antigo.bvtaipas.com\/site\/wp-json\/wp\/v2\/pages"}],"about":[{"href":"https:\/\/antigo.bvtaipas.com\/site\/wp-json\/wp\/v2\/types\/page"}],"author":[{"embeddable":true,"href":"https:\/\/antigo.bvtaipas.com\/site\/wp-json\/wp\/v2\/users\/2"}],"replies":[{"embeddable":true,"href":"https:\/\/antigo.bvtaipas.com\/site\/wp-json\/wp\/v2\/comments?post=237"}],"version-history":[{"count":17,"href":"https:\/\/antigo.bvtaipas.com\/site\/wp-json\/wp\/v2\/pages\/237\/revisions"}],"predecessor-version":[{"id":6281,"href":"https:\/\/antigo.bvtaipas.com\/site\/wp-json\/wp\/v2\/pages\/237\/revisions\/6281"}],"up":[{"embeddable":true,"href":"https:\/\/antigo.bvtaipas.com\/site\/wp-json\/wp\/v2\/pages\/76"}],"wp:attachment":[{"href":"https:\/\/antigo.bvtaipas.com\/site\/wp-json\/wp\/v2\/media?parent=237"}],"curies":[{"name":"wp","href":"https:\/\/api.w.org\/{rel}","templated":true}]}}