{"id":347,"date":"2011-03-29T00:02:37","date_gmt":"2011-03-29T00:02:37","guid":{"rendered":"http:\/\/antigo.bvtaipas.com\/site\/?page_id=347"},"modified":"2017-03-09T15:39:33","modified_gmt":"2017-03-09T15:39:33","slug":"veiculo-de-intervencao-aquatica","status":"publish","type":"page","link":"https:\/\/antigo.bvtaipas.com\/site\/galerias\/u-l-f\/veiculo-de-intervencao-aquatica\/","title":{"rendered":"Ve\u00edculo de Interven\u00e7\u00e3o Aqu\u00e1tica"},"content":{"rendered":"<p style=\"text-align: center;\"><img loading=\"lazy\" decoding=\"async\" class=\"wp-image-395 size-full aligncenter\" title=\"BRTP\" src=\"http:\/\/antigo.bvtaipas.com\/site\/wp-content\/uploads\/2011\/03\/BRTP.jpg\" width=\"350\" height=\"265\" srcset=\"https:\/\/antigo.bvtaipas.com\/site\/wp-content\/uploads\/2011\/03\/BRTP.jpg 350w, https:\/\/antigo.bvtaipas.com\/site\/wp-content\/uploads\/2011\/03\/BRTP-300x227.jpg 300w\" sizes=\"auto, (max-width: 350px) 100vw, 350px\" \/>BRTP01 &#8211; BARCO DE RECONHECIMENTO E TRANSPORTE PNEUM\u00c1TICO<\/p>\n","protected":false},"excerpt":{"rendered":"<p>BRTP01 &#8211; BARCO DE RECONHECIMENTO E TRANSPORTE PNEUM\u00c1TICO<\/p>\n","protected":false},"author":2,"featured_media":0,"parent":76,"menu_order":0,"comment_status":"open","ping_status":"closed","template":"","meta":{"ngg_post_thumbnail":0,"footnotes":""},"class_list":["post-347","page","type-page","status-publish","hentry"],"_links":{"self":[{"href":"https:\/\/antigo.bvtaipas.com\/site\/wp-json\/wp\/v2\/pages\/347","targetHints":{"allow":["GET"]}}],"collection":[{"href":"https:\/\/antigo.bvtaipas.com\/site\/wp-json\/wp\/v2\/pages"}],"about":[{"href":"https:\/\/antigo.bvtaipas.com\/site\/wp-json\/wp\/v2\/types\/page"}],"author":[{"embeddable":true,"href":"https:\/\/antigo.bvtaipas.com\/site\/wp-json\/wp\/v2\/users\/2"}],"replies":[{"embeddable":true,"href":"https:\/\/antigo.bvtaipas.com\/site\/wp-json\/wp\/v2\/comments?post=347"}],"version-history":[{"count":7,"href":"https:\/\/antigo.bvtaipas.com\/site\/wp-json\/wp\/v2\/pages\/347\/revisions"}],"predecessor-version":[{"id":5036,"href":"https:\/\/antigo.bvtaipas.com\/site\/wp-json\/wp\/v2\/pages\/347\/revisions\/5036"}],"up":[{"embeddable":true,"href":"https:\/\/antigo.bvtaipas.com\/site\/wp-json\/wp\/v2\/pages\/76"}],"wp:attachment":[{"href":"https:\/\/antigo.bvtaipas.com\/site\/wp-json\/wp\/v2\/media?parent=347"}],"curies":[{"name":"wp","href":"https:\/\/api.w.org\/{rel}","templated":true}]}}